(m) = 340*m - 161155. Determine w(474).
5
Let s(m) = 2*m**3 - 120*m**2 - 371*m + 167. Determine s(63).
608
Let z(u) = -850*u + 8425. Give z(10).
-75
Let c(z) = 4*z**3 + 75*z**2 - 105*z - 213. What is c(-20)?
-113
Let y(t) = -t**3 + 17*t**2 - 39*t + 241. Calculate y(16).
-127
Let k(c) = -18834*c - 470852. What is k(-25)?
-2
Let n(h) = 6*h**2 + 263*h + 33. What is n(-43)?
-182
Let y(v) = -118222*v + 827550. Determine y(7).
-4
Let w(z) = 112*z - 14139. Determine w(115).
-1259
Let y(l) = -l**3 + 1889*l**2 + 26648*l + 71. What is y(-14)?
-13
Let a(p) = 61730*p - 1851891. Give a(30).
9
Let f(y) = 4*y**2 + 633*y + 4232. What is f(-152)?
432
Let s(m) = 10*m**3 - 225*m**2 + 303*m + 229. Give s(21).
-23
Let r(f) = 866412*f + 866411. Determine r(-1).
-1
Let m(r) = 99*r + 832. What is m(6)?
1426
Let i(w) = -580*w - 42853. What is i(-70)?
-2253
Let x(j) = -34*j**3 + 116*j**2 + j - 5. Calculate x(2).
189
Let h(x) = 57*x + 853. Determine h(-31).
-914
Let k(g) = -8*g**2 + 248*g - 761. Give k(30).
-521
Let h(v) = 274*v**2 + 24379*v - 453. Calculate h(-89).
170
Let x(a) = 23710*a + 4006988. Give x(-169).
-2
Let f(b) = -b**3 + 6*b**2 + 467*b - 93. Give f(-19).
59
Let q(m) = -51*m**2 + 1087*m - 184. Give q(21).
152
Let j(p) = -p**3 - 177*p**2 - 5296*p - 628. Determine j(-139).
1318
Let m(k) = -147*k + 1537. Calculate m(15).
-668
Let y(b) = -b**3 - 1179*b**2 + 3660*b - 331. Give y(3).
11
Let i(d) = 2*d**3 - 1019*d**2 + 12394*d + 15416. Give i(497).
9
Let m(u) = 3839*u + 21632. Calculate m(-6).
-1402
Let g(p) = -p**3 - 37*p**2 - 4268*p - 163704. What is g(-38)?
-76
Let o(m) = -m**2 - 697*m - 108100. Calculate o(-234).
242
Let t(v) = -4*v**2 + 323*v + 45117. Calculate t(154).
-5
Let v(k) = -k**3 - 175*k**2 - 1514*k - 3156. Calculate v(-166).
164
Let o(m) = m**3 + 167*m**2 - 1046*m - 1362. What is o(-173)?
22
Let u(j) = -3*j**3 - 60*j**2 + 141*j + 271. Give u(-22).
73
Let o(z) = 1001*z + 332904. What is o(-332)?
572
Let v(j) = -21071*j - 126465. Calculate v(-6).
-39
Let l(v) = 2*v**3 + 32*v**2 - 1162*v - 2445. What is l(-2)?
-9
Let x(j) = -j**3 + 141*j**2 - 133*j - 883. What is x(140)?
97
Let n(m) = -4*m**3 + 2*m**2 + 126*m - 590. Give n(5).
-410
Let d(r) = 459*r**2 + 1193*r - 2391. Give d(2).
1831
Let k(r) = -21234*r + 934270. Give k(44).
-26
Let g(u) = -u**3 - 1014*u**2 - 1417*u + 614280. Determine g(-1012).
-4
Let o(h) = -223*h + 5566. Give o(25).
-9
Let c(w) = -w**3 - 50*w**2 - 271*w - 14. What is c(-6)?
28
Let g(q) = -37*q**2 + 712*q - 172. What is g(19)?
-1
Let a(z) = -168*z**2 + 31*z + 61. Calculate a(-4).
-2751
Let q(u) = u**3 - 87*u**2 + 45*u - 37205. What is q(91)?
14
Let j(r) = -2*r**3 + 28*r**2 - 32*r + 2322. What is j(17)?
44
Let g(v) = -2*v**3 + 25*v**2 - 117*v + 46. What is g(9)?
-440
Let m(j) = -j**3 - 20*j**2 + 78*j + 731. Give m(-22).
-17
Let n(u) = 4*u**2 - 718*u - 560. Give n(181).
526
Let r(v) = 18183*v - 1945580. Determine r(107).
1
Let n(k) = -2*k**2 - 2750*k + 70147. Calculate n(25).
147
Let z(v) = 7620*v**3 - 114302*v**2 + 31*v - 24. Determine z(15).
-9
Let t(b) = 2*b**2 - 32070*b + 224478. What is t(7)?
86
Let g(t) = 6708*t + 436026. Give g(-65).
6
Let a(t) = -5*t**3 - 46*t**2 - 137*t - 21. Determine a(-4).
111
Let q(z) = -z**3 + 221*z**2 + 182710*z + 1123. Give q(552).
19
Let f(c) = 80*c**2 - 1915*c - 79. Give f(24).
41
Let v(s) = 29*s - 87. What is v(45)?
1218
Let t(n) = 195*n - 22108. Calculate t(127).
2657
Let y(p) = -2*p**3 + 77*p**2 - 94*p - 114. Give y(37).
515
Let o(z) = 13*z**2 - 51*z + 205. Calculate o(4).
209
Let f(a) = -3*a**2 + 1155*a + 84660. Determine f(-63).
-12
Let u(x) = -x**3 - 64*x**2 - 1260*x - 70421. Determine u(-62).
11
Let z(w) = 140*w - 28832. Give z(206).
8
Let w(k) = 2*k**3 + 6*k**2 + 78*k + 502. Give w(-5).
12
Let t(h) = -20*h**3 - 24*h**2 + 15560*h + 15583. What is t(-1)?
19
Let o(l) = l**2 - 332*l + 25884. What is o(207)?
9
Let h(t) = 352*t - 21. Calculate h(-1).
-373
Let p(o) = 12096*o - 7027780. Determine p(581).
-4
Let l(q) = -1142*q - 38891. What is l(-34)?
-63
Let s(a) = -a**3 - 38*a**2 - 265*a - 11829. Calculate s(-39).
27
Let l(i) = 34837*i - 243844. Determine l(7).
15
Let t(z) = z**2 - 3829*z + 57098. Determine t(15).
-112
Let t(r) = -8*r**3 - 163*r**2 + 12*r + 42. Determine t(-19).
-4157
Let p(w) = -2*w**2 - 17848*w + 142868. Determine p(8).
-44
Let z(b) = -b**3 - 451*b**2 - 2869*b - 4315. Calculate z(-4).
9
Let p(k) = -6391*k + 38322. Calculate p(6).
-24
Let p(o) = 24*o**2 - 201*o - 17. Give p(9).
118
Let o(q) = 153*q - 1995. What is o(10)?
-465
Let t(l) = 7291*l - 5183910. Give t(711).
-9
Let p(t) = -t**3 + 24*t**2 + 86*t - 145. Calculate p(27).
-10
Let f(x) = -8*x**3 - 3*x**2 + 33*x + 19. What is f(-4)?
351
Let t(n) = -166685*n + 1000082. What is t(6)?
-28
Let d(j) = -4995*j - 109893. Determine d(-22).
-3
Let n(z) = -8803*z - 189. What is n(0)?
-189
Let w(f) = 13*f**2 - 388*f + 2910. Give w(16).
30
Let j(l) = -347164*l + 694325. Give j(2).
-3
Let s(h) = -16*h**2 - 161*h + 237. What is s(-12)?
-135
Let n(j) = -12*j**2 - 1761*j + 22570. What is n(13)?
-2351
Let y(k) = -k**2 - 3054*k - 48728. What is y(-16)?
-120
Let c(s) = 31027*s + 3537078. What is c(-114)?
0
Let y(z) = 2*z**2 - 115*z + 2275. Give y(35).
700
Let p(m) = 29*m**3 - 662*m**2 - 113*m - 50. What is p(23)?
-4
Let p(y) = y**2 - 224056*y - 4705609. Give p(-21).
8
Let n(c) = -6*c**2 - 7517*c - 22492. Calculate n(-3).
5
Let o(t) = t**3 + 2*t**2 - 1086*t + 69. Determine o(-34).
1
Let l(d) = -1056*d + 19978. Calculate l(19).
-86
Let y(n) = 750*n**2 + 55503*n + 217. Calculate y(-74).
-5
Let n(z) = 2*z**3 + 58*z**2 - 328*z + 449. Calculate n(-34).
41
Let u(g) = 5*g**3 + 167*g**2 + 1474*g + 2008. Calculate u(-19).
-6
Let d(v) = -1737*v - 6236. Calculate d(-4).
712
Let l(u) = 33*u**2 - 301*u + 617. Give l(2).
147
Let r(s) = -s**3 - 19*s**2 + 144*s + 4. Determine r(5).
124
Let u(p) = 2*p**2 + 602*p - 1940730. Calculate u(846).
-6
Let a(j) = j**2 - 114*j + 1192. Determine a(103).
59
Let r(c) = -880*c + 8859. Determine r(10).
59
Let h(q) = -3408*q + 211319. Calculate h(62).
23
Let k(h) = 66461*h - 1063682. Calculate k(16).
-306
Let y(d) = d**2 - 707*d + 29735. Determine y(45).
-55
Let y(r) = 1232*r**2 - 9867*r + 59. Determine y(8).
-29
Let m(z) = 42*z**3 - 166*z**2 + 9*z - 7. What is m(4)?
61
Let o(g) = 48*g**2 + 1722*g - 27578. Calculate o(12).
-2
Let k(o) = -o**3 - 8*o**2 + 20531*o - 81946. Determine k(4).
-14
Let y(t) = -t**3 - 34*t**2 + 499*t - 1522. What is y(5)?
-2
Let d(j) = 2*j**2 + 168*j - 3202. Calculate d(15).
-232
Let z(w) = 67*w**2 + 442*w - 1. Calculate z(-8).
751
Let r(t) = -44*t + 4132. Calculate r(88).
260
Let y(f) = -f**2 + 97*f + 1161. Give y(-24).
-1743
Let r(k) = -k**3 - 15*k**2 + 2376*k + 12. Calculate r(0).
12
Let j(m) = 10*m**2 + 203*m + 364. What is j(-19)?
117
Let p(k) = -104*k + 12889. What is p(124)?
-7
Let l(x) = -6*x**3 + 1206*x**2 - 4723*x - 1153. What is l(197)?
-168
Let q(y) = y**2 + 54*y + 725. What is q(-27)?
-4
Let h(a) = 6*a**2 + 6578*a + 229046. Determine h(-36).
14
Let l(t) = -t**3 + 49*t**2 - 76*t - 722. Determine l(47).
124
Let i(d) = -2*d**2 - 526*d - 9481. Calculate i(-19).
-209
Let m(i) = 291*i**2 + 188*i - 5. Determine m(-1).
98
Let s(n) = 11*n**3 + 5*n**2 + 183*n + 866. Determine s(-5).
-1299
Let x(v) = -2*v**3 - 26*v**2 - 25*v - 264. Give x(-15).
1011
Let p(g) = 220*g**2 - 26808*g - 3896. Calculate p(122).
8
Let x(f) = -52*f**2 - 6275*f + 1841. Calculate x(-121).
-216
Let h(z) = -z**3 - 18*z**2 - 46*z + 302. What is h(-10)?
-38
Let f(h) = -9*h**2 + 1780*h - 3423. Calculate f(196).
-287
Let j(v) = -92*v**3 + 870*v**2 - 1072*v - 8. Determine j(8).
-8
Let x(t) = 20*t**2 - 120*t - 385. Give x(-3).
155
Let h(j) = -997*j + 46882. Determine h(47).
23
Let k(u) = 29*u**2 + 932*u + 127. Determine k(-32).
-1
Let n(c) = -624*c + 67498. Calculate n(108).
106
Let c(x) = x**2 + 22*x - 100. What is c(-24)?
-52
Let k(h) = -396*h + 22172. What is k(56)?
-4
Let k(m) = 1178*m - 457977. Calculate k(389).
265
Let r(o) = o**3 + 78*o**2 - o + 85. Calculate r(0).
85
Let b(l) = -113*l**2 + 516*l - 6. Calculate b(-2).
-1490
Let z(u) = -u**3 + 37*u**2 + 1022*u - 37391. Calculate z(38).
1
Let r(a) = a**2 + 417*a + 21344. Calculate r(-60).
-76
Let s(c) = 45589*c + 364711. Give s(-8).
-1
Let h(k) = -k**3 + 53*k**2 + 189*k - 7191. Det